Suppose 4*f - 2*f + 29 = 5*m, -4*f = -12. Let k = 23 - m. What is the units digit of k?
6
Let t(h) = 9*h + 14. What is the tens digit of t(8)?
8
Suppose -13 + 1 = -3*o. Suppose 5*z - 5*m = -o*m - 11, 2*z + 10 = -m. What is the tens digit of z + 1*(1 - -14)?
1
Suppose 0*g = -8*g + 16. Let q be (-4)/((-7)/(-4) - 2). Suppose -q = g*f - 3*f. What is the units digit of f?
6
Let i(f) = f**3 - 7*f**2 - 8*f + 5. Let z be i(8). What is the units digit of 4/z*65/2?
6
Let i(z) = z**2 + 9*z - 5. What is the units digit of i(-10)?
5
Let v(a) be the first derivative of a**3/3 + 3*a**2 + 6*a - 2. Let z be v(-4). What is the units digit of (13 - 1)*z/(-4)?
6
Suppose 11*v = 1796 - 432. What is the hundreds digit of v?
1
Suppose 0 = -5*k + 4*b + 446, b = 4*k - k - 262. What is the tens digit of k?
8
Suppose 0*l + 2*l + 36 = 2*w, -2*l = 2*w - 52. What is the units digit of w?
2
Suppose 5*w = 6*w - a - 6, 4*w = -2*a. Suppose -2*q = 4*p - 4*q - 34, w*q - 22 = -4*p. What is the units digit of p?
7
Let s = 22 - -9. Let t be (15 - 4/(-2)) + 1. Suppose 2*o = -2*v - v + t, -s = -5*o - 4*v. What is the units digit of o?
3
Let i = 3 - 3. Suppose 14*q - 9*q - 75 = i. What is the units digit of q?
5
Let f = 5 - -1. Let z be (6/(-4) + 1)*-12. What is the units digit of (9/z)/(f/8)?
2
Let m be 29*(-3 - -2)*-1. Suppose -5*b + 106 + m = 0. What is the units digit of b?
7
Let s = 45 - 27. Suppose 0 = -5*l + s - 3. Suppose -l*m + 5*w + 5 = -26, 4*w - 28 = -2*m. What is the tens digit of m?
1
Suppose 5*a - 492 + 72 = w, -168 = -2*a + 5*w. What is the tens digit of a?
8
Let m = 6 + -5. Let o be (m/(-4))/((-6)/72). What is the units digit of 10 + -1*(o - 0)?
7
Let t(p) = -p**3 - 7*p**2 + 6*p + 7. What is the tens digit of t(-8)?
2
Suppose 5*u + 10 = 5*v, -3*v + 4*u = 7*u. Let i(g) = 7*g**3 - g**2 + g - 1. What is the units digit of i(v)?
6
Suppose -2*m + m + 18 = 0. What is the units digit of m?
8
Let c(k) = -k**2 + 9*k - 7. Suppose 0*j + 5*j - 30 = 0. What is the tens digit of c(j)?
1
Let a = 282 - 162. What is the hundreds digit of a?
1
Suppose -k - 2*k - 3*g = -72, 2*k - 5*g - 27 = 0. Suppose 3*h - k = 4*l, 0*l = -2*h + 2*l + 16. What is the units digit of h?
1
Let k be (-4)/(-12)*(4 + -1). Let l be (k/2 - -2)*14. Suppose 0*m + 5*m - l = 0. What is the units digit of m?
7
Let r be (-32)/(-14) - (-6)/(-21). Let t = 0 + r. What is the units digit of t?
2
Let q = 40 + -16. Suppose -d + q = 2*d. What is the units digit of d?
8
Let n be (-2)/9 + (-58)/(-18). Suppose -2*t + 3*b = n*t - 1, 4*b = 4*t + 4. What is the units digit of t?
2
Let l be -1*(1 - -1) - 4. Let f(c) = -c**3 - 7*c**2 - 8*c. Let t be f(l). Suppose -3*w = -2*w - t. What is the tens digit of w?
1
Let w(l) = l + 8. Let j be w(-6). Let z = j - 1. Let i = 5 - z. What is the units digit of i?
4
Let j(g) = -g**3 + 9*g**2 - 5*g - 1. What is the units digit of j(8)?
3
Let w(p) = 16*p**2 + 7*p. What is the units digit of w(3)?
5
Let z be -2*1/(3/(-3)). Suppose -z*p = j - 32, 2*j + 2*j - 95 = 3*p. What is the units digit of j?
6
Suppose -4*v = 20, q + 5*v = 2*q - 215. What is the units digit of q?
0
What is the tens digit of 8/(10/4 - 2)?
1
Let w = 82 - 12. What is the tens digit of w?
7
Let h(m) = -9*m**3 - 27*m**2 + 19*m - 3. Let i(w) = -4*w**3 - 13*w**2 + 10*w - 2. Let g(l) = 3*h(l) - 7*i(l). What is the tens digit of g(-11)?
2
Let q = 14 + 144. What is the hundreds digit of q?
1
Suppose 0 = -5*h - 4*m + 371, -6*h + 4*m = -h - 339. What is the tens digit of h?
7
Let t = -2 + 0. Let f be (-3)/(t/((-12)/(-9))). What is the units digit of 19/6 + f/(-12)?
3
Let a(b) = 24*b**2 - 3*b - 2. What is the units digit of a(-2)?
0
Suppose 3*p - 27 = 42. What is the tens digit of p?
2
Let b(j) = -j**3 - 9*j**2 + j - 3. Let l be b(-9). What is the tens digit of 2/(-12) - 578/l?
4
Let j = 3 + -5. Let p = -2 - j. Suppose 0 = 2*l - 5*w - p + 5, l + 4*w = 17. What is the units digit of l?
5
Let v = -11 + 16. Suppose -2*b + v*j + 48 = 0, j - 2 = b + 5*j. What is the units digit of b?
4
What is the units digit of (-25)/(-2) - 57/38?
1
Let n(z) be the second derivative of -z**5/20 - z**4/12 + 2*z**2 + z. Let t be n(0). Suppose -m + t = m. What is the units digit of m?
2
Let o(z) = -2*z + 2. Let m be o(6). Let d be (-1 + 7)*m/(-15). Suppose -d*g + 30 - 10 = 0. What is the units digit of g?
5
Suppose -4*n - 7 = -55. Let t = 16 - n. What is the units digit of t?
4
What is the tens digit of -205*((-3)/(-3) - 2)?
0
Let m(a) = 2*a**3 - 11*a**2 + 9*a + 4. What is the tens digit of m(6)?
9
Let h = 108 + -48. Let f = h + -27. What is the tens digit of f?
3
Let x(a) = -8*a**3. Let s be x(-1). Suppose 0 = -7*b + s + 13. What is the units digit of b?
3
Let j = 268 - 33. What is the tens digit of j?
3
Suppose 0 = -0*z - 2*z. Let s = z + 2. Suppose 4*b + s*g = 22, 5*b + 0*b = -5*g + 35. What is the units digit of b?
4
Let w(y) = -y - 9. Let v be w(10). Let n be (v + 3)*(-5)/(-4). What is the tens digit of 8/n - (-134)/10?
1
Let v be ((-3)/(-9))/((-4)/36). Let j be 3 + 0 - 1 - v. Suppose -30 = 3*q - j*q. What is the units digit of q?
5
Suppose b - 4*b - 9 = 0. Let z = 3 - b. What is the units digit of z?
6
Suppose 537 = 3*n - 3*x, 0 = 3*n + 4*x - 0*x - 551. What is the units digit of n?
1
Suppose -3*k - 261 = -12*k. What is the tens digit of k?
2
What is the tens digit of 1778/22 + 6/33?
8
Let m be 2*((-9)/(-3))/3. What is the tens digit of (-3 + m)*-1*32?
3
Suppose -2*h = 6 - 118. What is the units digit of h?
6
Suppose 6 + 10 = 4*c + 3*n, -5*n + 8 = 2*c. Suppose 2*w = c - 6. What is the tens digit of ((-39)/(-6))/(w/(-2))?
1
Let a be 2/3*150/(-20). Let b(f) = -6*f - 3. What is the tens digit of b(a)?
2
Let v(t) be the second derivative of -t**3/6 - 2*t. Let k be v(-2). Suppose 4*a - 16 = n, -k*n + 20 = 3*n. What is the units digit of a?
5
Let g = 3 - 4. Let x(b) be the first derivative of -5*b**2/2 + b + 1. What is the units digit of x(g)?
6
Suppose -h - 2*h - z = -77, 4*z = -5*h + 119. What is the tens digit of h?
2
Let g(s) = 0*s + 0 + 3*s**2 + 4*s + 1. What is the units digit of g(-3)?
6
Suppose 0 = 2*b - 32 - 2. Let l = -11 + b. What is the units digit of l?
6
Let r = -123 + 204. Suppose 0 = -2*v - 3*g + r, v + 2*g - 29 - 14 = 0. What is the tens digit of v?
3
Let h(g) be the first derivative of 2*g**3/3 + g**2/2 + 2*g + 1. Let r be h(-2). Let z = r - 1. What is the units digit of z?
7
Let f(w) = w - 14. Let t be f(10). Let g(n) = -10*n - 2. What is the tens digit of g(t)?
3
Let i(f) = -22*f**3 - 5*f**2 - 4*f - 3. Let q(o) = -2*o**2 - 21*o**3 - 3*o - 2*o**2 + 3 - 5. Let h(x) = -3*i(x) + 4*q(x). What is the units digit of h(-1)?
8
Let s(p) = -p + 1. Let n(u) = -3*u + 15. Let z(b) = n(b) - 2*s(b). What is the units digit of z(9)?
4
Let b be (10 - (-6)/(-2)) + -3. Let s = 18 + b. What is the units digit of s?
2
Let y be (-2)/11 + 2392/88. Let d = y + -14. What is the units digit of d?
3
Suppose 3*q - 6 = -0*q. Let m(v) = -2*v - 3*v - v**2 + 0*v + q. What is the units digit of m(-4)?
6
Suppose -3*k = -2*o - 0*o + 6, 5*k = -10. Suppose 2*m - 9 - 7 = o. What is the units digit of m?
8
Suppose f + 4 = 2*f. Suppose -5*g + 7*x + 30 = f*x, -2*g - 19 = 5*x. What is the units digit of 8 + 0 - 0/g?
8
Suppose a - 4*v = 90, -5*a - 4*v = -632 + 86. What is the tens digit of a?
0
Suppose 0 = 7*u + 27 - 342. What is the units digit of u?
5
Let y(j) = -j**3 + 6*j**2 - 3*j - 3. What is the units digit of y(4)?
7
Let w = -20 - -29. Suppose w + 19 = 2*y. What is the units digit of y?
4
Let k(w) = 8 - 2 - 2 + w. What is the units digit of k(-3)?
1
Let i be 4*(-1 - 9/(-6)). Suppose -p + 5*p + 2*y = 68, i*y = 5*p - 103. What is the tens digit of p?
1
Let z(i) = i**2 + i - 4. Let r be z(-5). Let n = r - 6. Suppose -5*w + 2*d + 35 = -2*w, n = 5*d. What is the tens digit of w?
1
What is the units digit of 2/1 + 0 - -3?
5
Let r = 3 + 0. Suppose 0 = -r*s + 2*s + 44. Suppose 0 = h - 3*h + 3*l + 32, -4*h = 4*l - s. What is the tens digit of h?
1
Let n(h) = -h**2 + 10*h - 11. Let z be n(8). Let x(a) = -a + 8. Let u be x(z). Suppose -3*o + 57 = -0*m + u*m, -2*o - 5*m = -35. What is the units digit of o?
0
Let y(f) = 8*f + 61. What is the hundreds digit of y(7)?
1
Suppose 0 = -h - 6. What is the units digit of 2/(h/(-3) + 0)?
1
Suppose -p + 4 - 1 = 0. Let u(r) = r**2 - 2*r - 6. Let d 